{"id":13,"date":"2017-02-18T15:53:42","date_gmt":"2017-02-18T15:53:42","guid":{"rendered":"http:\/\/villa-futura.de\/?page_id=13"},"modified":"2021-09-25T12:43:52","modified_gmt":"2021-09-25T11:43:52","slug":"literaturliste","status":"publish","type":"page","link":"https:\/\/villa-futura.de\/?page_id=13","title":{"rendered":"Literaturlisten"},"content":{"rendered":"<div class=\"t pg-7m0 pg-7x1 pg-7h2 pg-7y1 pg-7ff1 pg-7fs0 pg-7fc0 pg-7sc0 pg-7ls0 pg-7ws0\">Gerne empfehlen wir Ihnen B\u00fccher zu unseren Fortildungen. Der besseren \u00dcbersicht halbe haben wir die Listen nach Fortbildungen geteilt, auch wenn manche B\u00fccher f\u00fcr mehrere Fortbildunen hilfreich sein k\u00f6nnen. In diesem Fall haben wir die B\u00fccher bei allen relevanten Fortbildungen aufgef\u00fchrt.<\/div>\n<div><\/div>\n<div><a href=\"https:\/\/villa-futura.de\/?page_id=82\">Literaturliste: Altersnorm, Entwicklungsstand, P\u00e4dagogisches Handeln<\/a><\/div>\n<div><\/div>\n<div><a href=\"https:\/\/villa-futura.de\/?page_id=78\">Literaturliste: Kurze Einf\u00fchrung in die Entwicklungspsychologie<\/a><\/div>\n","protected":false},"excerpt":{"rendered":"<p>Gerne empfehlen wir Ihnen B\u00fccher zu unseren Fortildungen. Der besseren \u00dcbersicht halbe haben wir die Listen nach Fortbildungen geteilt, auch wenn manche B\u00fccher f\u00fcr mehrere Fortbildunen hilfreich sein k\u00f6nnen. In diesem Fall haben wir die B\u00fccher bei allen relevanten Fortbildungen aufgef\u00fchrt. Literaturliste: Altersnorm, Entwicklungsstand, P\u00e4dagogisches Handeln Literaturliste: Kurze Einf\u00fchrung in die Entwicklungspsychologie<\/p>\n","protected":false},"author":1,"featured_media":0,"parent":0,"menu_order":0,"comment_status":"closed","ping_status":"closed","template":"","meta":{"footnotes":""},"_links":{"self":[{"href":"https:\/\/villa-futura.de\/index.php?rest_route=\/wp\/v2\/pages\/13"}],"collection":[{"href":"https:\/\/villa-futura.de\/index.php?rest_route=\/wp\/v2\/pages"}],"about":[{"href":"https:\/\/villa-futura.de\/index.php?rest_route=\/wp\/v2\/types\/page"}],"author":[{"embeddable":true,"href":"https:\/\/villa-futura.de\/index.php?rest_route=\/wp\/v2\/users\/1"}],"replies":[{"embeddable":true,"href":"https:\/\/villa-futura.de\/index.php?rest_route=%2Fwp%2Fv2%2Fcomments&post=13"}],"version-history":[{"count":18,"href":"https:\/\/villa-futura.de\/index.php?rest_route=\/wp\/v2\/pages\/13\/revisions"}],"predecessor-version":[{"id":88,"href":"https:\/\/villa-futura.de\/index.php?rest_route=\/wp\/v2\/pages\/13\/revisions\/88"}],"wp:attachment":[{"href":"https:\/\/villa-futura.de\/index.php?rest_route=%2Fwp%2Fv2%2Fmedia&parent=13"}],"curies":[{"name":"wp","href":"https:\/\/api.w.org\/{rel}","templated":true}]}}